+ 2*w + 1. Let v be z(-1). Suppose 4 = d - v. What are the prime factors of 44*(-2 - (-10)/d)?
2, 11
Suppose -2*q + 1 = -4*y + 3*y, 5*q - 2*y = 4. Suppose 4*l - n = 74, 4*l - 17 = q*n + 59. Let w = 49 - l. What are the prime factors of w?
31
Suppose -2*r + g = -258, 4*g + 130 = r + 3*g. What are the prime factors of r?
2
Suppose 4*g - 4*y = -337 + 1485, -4*y - 8 = 0. What are the prime factors of g?
3, 5, 19
Let g = -588 - -1166. List the prime factors of g.
2, 17
Suppose 3*m = -5*z + 720, -5*z + 3*m + 644 = -106. Suppose -z = 2*x - 5*x. What are the prime factors of 7*7/(x/36)?
2, 3
Let x(q) be the third derivative of q**4/24 + q**3/2 + 16*q**2. What are the prime factors of x(14)?
17
Suppose 3*v - 4 = v. Suppose -v*a = -4*a - 18. What are the prime factors of 189/a*(1 + -2)?
3, 7
Let w(s) = 85*s**2 - 12*s - 11. Let r(z) = -5*z + 29. Let b be r(6). List the prime factors of w(b).
2, 43
Suppose -w = -2*s - 6, -w = -2*s + 6*s. Let p be 1/(-1) + (s - -2). Suppose -2*c + 7*c = 4*j + 162, -c + 2*j + 36 = p. List the prime factors of c.
2, 3, 5
Suppose 24 - 56 = -4*b. Let z = b - 0. What are the prime factors of (-2 + 1)/((-4)/z)?
2
Let a(w) = -4*w + 4. Let q be a(2). Let k be (2/2)/1 + -2. Let t = k - q. List the prime factors of t.
3
Let x be (-3267)/15 - 5/25. Let r = -129 - x. What are the prime factors of r?
89
Suppose 0 = 35*o - 28*o - 84. What are the prime factors of o?
2, 3
Let b(r) = -r**3 + 13*r**2 + 5*r + 19. Let h be b(14). Let f = 171 + h. What are the prime factors of f?
2
Let t(c) = c**2 - 5*c + 3. Let l be t(5). Suppose -n - l*d = 42, 0*d = 2*n + 3*d + 87. What are the prime factors of (-10)/n + (-1344)/(-27)?
2, 5
Suppose 2*o - 110 = 62. Let t = o + -27. What are the prime factors of t?
59
Let d = -173 - -242. Let t = 8 + 26. Let f = d - t. What are the prime factors of f?
5, 7
Let v(q) = -3*q + 27. Let k be v(7). Suppose k*y - 884 = -7*y. List the prime factors of y.
2, 17
Suppose 151 = 3*g - 329. Let f = 241 - g. Suppose 4*v - f = 123. What are the prime factors of v?
3, 17
Suppose 3*a = -101 + 23. Let m = -388 + 394. Let d = m - a. What are the prime factors of d?
2
What are the prime factors of (-2163)/(-6 - 1) + (-8)/2?
5, 61
Let d be (-2)/3*(-30)/4. List the prime factors of 3 - ((-481)/d + 2/10).
3, 11
What are the prime factors of 25538/12 + 6 + 111/(-18)?
2, 7, 19
Suppose 67 = -3*x + 76. Suppose -o = x*o - 280. List the prime factors of o.
2, 5, 7
Let d(z) = 7*z**2 + 25*z + 162. List the prime factors of d(-10).
2, 3, 17
Let p(g) = 18*g**2 - 2*g - 1. Let o be p(-1). Suppose -o*s + 120 = -16*s. List the prime factors of s.
2, 5
Suppose -4*d = -4*q + 328 + 112, 5*d - 540 = -5*q. Suppose z + 3*r = 2*z - q, 0 = -2*z - r + 204. What are the prime factors of z?
103
Let d = 139 - 139. Suppose 0 = 3*r - 3*w - d*w - 831, 0 = -2*r + 5*w + 551. List the prime factors of r.
2, 139
Let j(l) = -3*l + 25*l**2 - 5 - l - 21*l**2 - 3*l. List the prime factors of j(10).
5, 13
Let o(u) = -3*u - 58. List the prime factors of o(-29).
29
Let n(p) = 407*p**2 + 17*p + 63. What are the prime factors of n(-3)?
3, 5, 7
Let j = -713 - -1209. Suppose 4*t + x + x = 506, -4*t = 4*x - j. What are the prime factors of t?
3, 43
Let m = 123 + 83. Suppose v = -4*w + 8*w - 243, 0 = 3*w + 4*v - m. What are the prime factors of w?
2, 31
Let x = 1161 - 124. List the prime factors of x.
17, 61
Let c = 193 - 69. What are the prime factors of c?
2, 31
Let v(a) = 3*a + 7. Let r be v(13). Let o = r + -30. List the prime factors of o.
2
Let j = 998 - 347. List the prime factors of j.
3, 7, 31
Let q be (-34)/(-2*(-2)/(-2)). Let t = q - 13. What are the prime factors of t - 7 - -1*19?
2
Suppose -19*w + 24*w = -i + 324, -5*i + 3*w = -1564. What are the prime factors of i?
2, 157
Suppose 27*k = 13486 + 3470. What are the prime factors of k?
2, 157
Suppose 21*x + 1404 = 39*x. What are the prime factors of x?
2, 3, 13
Let t = -17 + 81. Let y be -3 + 1 + -1 + 6. Suppose -5*j = -j + g - 64, 4*j - t = -y*g. What are the prime factors of j?
2
Let g be 4/3*(-6)/(-4). Suppose g*y - 89 = -19. Let k = 65 - y. List the prime factors of k.
2, 3, 5
Suppose -3*r - r = -24. Suppose -6*f + 314 + 208 = 0. Suppose 3*l - r*l = -f. What are the prime factors of l?
29
Let p = -24 - -28. Suppose p*r = 7*r - 168. List the prime factors of r.
2, 7
Suppose 0 = -2*g - 3*m + 5 - 4, 4*g + m = 27. Let d(f) = -g*f**2 + 14*f**2 - 11*f**2 - 9*f + f**3 - 2 - f. What are the prime factors of d(7)?
2, 13
Let h(f) be the first derivative of -f**5/12 - 7*f**4/24 + 3*f**3 - 8. Let u(w) be the third derivative of h(w). List the prime factors of u(-4).
3, 11
Let n = -63 + 361. Let q = -205 + n. List the prime factors of q.
3, 31
Let l(y) = -y**3 + 2*y**2 + y + 3. Let q be l(0). Suppose -4*w + 187 = 2*k + q*k, -w + 4*k + 52 = 0. List the prime factors of w.
2, 3
Let m(y) be the second derivative of 16*y**3/3 - y**2 - 9*y. List the prime factors of m(1).
2, 3, 5
Let c(q) = 10*q - 279. What are the prime factors of c(38)?
101
Suppose 18*l - 403 = 2945. What are the prime factors of l?
2, 3, 31
Let q(x) = 11*x**2 + 15*x + 62. List the prime factors of q(-6).
2, 23
Let d = 16 + -22. Let z be (d/4)/(9/120). Let l = z + 33. List the prime factors of l.
13
Suppose 3*n - 6 = -3. Let h = 1 + n. Suppose -4*s - 72 = -2*i - s, -76 = -h*i + 4*s. List the prime factors of i.
2, 3, 5
Suppose -g - 32 - 41 = 0. Let n = 178 + g. What are the prime factors of n?
3, 5, 7
Suppose 0 = r - 7*r + 12. Suppose w - 6 = -h + 5*w, 0 = r*h + 2*w - 22. List the prime factors of h.
2, 5
Let z be (3/2)/(3/6). Suppose 102 = z*g - g. What are the prime factors of g?
3, 17
Let j = -1039 - -1321. List the prime factors of j.
2, 3, 47
Let h = -29 - -44. Suppose 144 = 18*l - h*l. What are the prime factors of l?
2, 3
Suppose 16*a + 118 - 662 = 0. Let w(y) = 19*y - 1. Let z be w(-1). Let l = z + a. What are the prime factors of l?
2, 7
Let s(q) = 10*q**2 - 44*q - 291. List the prime factors of s(-13).
3, 73
Suppose -2388 = -8*b + 84. What are the prime factors of b?
3, 103
Suppose 2*u + 8 = 0, f + 2*u = 429 + 750. List the prime factors of f.
1187
Let m be (-1)/3 - (-242)/33. Suppose 0 = 5*y - m + 12. What are the prime factors of ((-4)/(12/75))/y?
5
Let p(b) be the third derivative of -b**6/120 + b**5/6 + 7*b**4/12 - 5*b**3/3 + 7*b**2. Let c be p(11). Suppose 2*d = d + c. List the prime factors of d.
23
Let b(n) = -14*n**2 - 2*n + 7. Let d be b(2). Let p = d + 91. List the prime factors of p.
2, 19
Let h = -390 - -783. List the prime factors of h.
3, 131
Let s(u) = 2*u**2 + 28*u - 94. What are the prime factors of s(-22)?
2, 3, 43
Let w be 1/(-2)*(-4 - 2). Suppose -3*t = -w*b - 12, -4*b + 2*b - 16 = -4*t. What are the prime factors of t?
2
Suppose 13*b - t = 7*b + 13751, -3*t = -4*b + 9165. What are the prime factors of b?
2, 3, 191
Let d = -10 + 44. Suppose -2*y - m = -1, 5*m + d = y + 2*y. Suppose 2*z - 5*w = 67, 97 = y*z - 6*w + 2*w. List the prime factors of z.
31
Let r(h) = h**2 + 23*h - 15. List the prime factors of r(35).
5, 13, 31
Let o(b) = 31*b + 35. Let y be o(5). What are the prime factors of (7 - 0)*y/7?
2, 5, 19
Suppose -4*g - 517 = -9137. What are the prime factors of g?
5, 431
Let z(t) = 1484*t**2 - 5*t + 2. What are the prime factors of z(1)?
1481
Suppose 3*y = -4*n - 16, -3*y + 30 = -3*n + 81. Let x(u) = u + 19. Let f be x(y). Suppose -f*l + 80 = -5*l. What are the prime factors of l?
2, 5
Suppose 20*y = 9*y + 6633. What are the prime factors of y?
3, 67
Suppose 4*k - 2*k + 3*y - 26 = 0, -3*y = -6. Let s = k + -6. Let x = s + 15. What are the prime factors of x?
19
Let i(f) = f + 74. Suppose -7*z = 1 - 1. List the prime factors of i(z).
2, 37
Let y(w) = 14*w - w + 12*w + 3*w + 13. What are the prime factors of y(4)?
5
Let t(m) = -5*m + 1. Let n(l) = l. Let v(c) = 4*n(c) + t(c). Let d be v(-3). Suppose 5 = -z + 1, -5*h = d*z - 169. List the prime factors of h.
37
Let c(m) = m**3 + 15*m**2 - 27*m - 11. What are the prime factors of c(-13)?
2, 3, 113
Let p(c) = c**2 - c - 1. Let o be p(2). Let z be (-1 + 14)/(o + 0). Suppose 72 = 16*g - z*g. List the prime factors of g.
2, 3
Suppose -3*m - 7 = -z - 3, 2*z + m = 8. List the prime factors of z.
2
Suppose 3*y = 4*y + 21. Let m be (y/14)/((-1)/(-6)). Let j = m + 29. What are the prime